{"id":546,"date":"2020-10-13T02:48:45","date_gmt":"2020-10-13T02:48:45","guid":{"rendered":"http:\/\/localhost\/razzi\/?page_id=546"},"modified":"2025-11-18T16:48:36","modified_gmt":"2025-11-18T16:48:36","slug":"politica-de-devolucoes-e-garantias","status":"publish","type":"page","link":"https:\/\/liscontentores.com\/index.php\/politica-de-devolucoes-e-garantias\/","title":{"rendered":"Pol\u00edtica de Devolu\u00e7\u00f5es e Garantias"},"content":{"rendered":"\t\t<div data-elementor-type=\"wp-page\" data-elementor-id=\"546\" class=\"elementor elementor-546\">\n\t\t\t\t<div class=\"elementor-element elementor-element-739be4f6 e-flex e-con-boxed e-con e-parent\" data-id=\"739be4f6\" data-element_type=\"container\">\n\t\t\t\t\t<div class=\"e-con-inner\">\n\t\t\t\t<div class=\"elementor-element elementor-element-1bb233d8 elementor-widget elementor-widget-text-editor\" data-id=\"1bb233d8\" data-element_type=\"widget\" data-widget_type=\"text-editor.default\">\n\t\t\t\t\t\t\t\t\t<p data-start=\"325\" data-end=\"632\">En <strong data-start=\"328\" data-end=\"373\">LISCONT \u2013 OPERADORES DE CONTENTORES, S.A.<\/strong>, trabajamos para garantizar la total satisfacci\u00f3n de nuestros clientes. No obstante, si recibe un contenedor en mal estado, defectuoso o no conforme, ponemos a su disposici\u00f3n el siguiente procedimiento para gestionar la devoluci\u00f3n o sustituci\u00f3n del producto.<\/p><hr data-start=\"634\" data-end=\"637\" \/><h2 data-start=\"639\" data-end=\"670\"><strong data-start=\"642\" data-end=\"670\">1. Proceso de devoluci\u00f3n<\/strong><\/h2><h3 data-start=\"672\" data-end=\"722\"><strong data-start=\"676\" data-end=\"720\">Verificaci\u00f3n en el momento de la entrega<\/strong><\/h3><p data-start=\"723\" data-end=\"968\">Al recibir la mercanc\u00eda, le recomendamos revisar cuidadosamente el estado del contenedor y del embalaje.<br data-start=\"827\" data-end=\"830\" \/>Si detecta cualquier defecto, da\u00f1o o irregularidad, debe <strong data-start=\"887\" data-end=\"915\">informarnos de inmediato<\/strong> para poder activar el procedimiento correspondiente.<\/p><h3 data-start=\"970\" data-end=\"1026\"><strong data-start=\"974\" data-end=\"1024\">Instrucciones para la devoluci\u00f3n o sustituci\u00f3n<\/strong><\/h3><p data-start=\"1027\" data-end=\"1266\">En caso de producto defectuoso, LISCONT le proporcionar\u00e1 las instrucciones precisas para proceder con la devoluci\u00f3n, revisi\u00f3n o sustituci\u00f3n del contenedor. Es imprescindible comunicar cualquier incidencia <strong data-start=\"1232\" data-end=\"1265\">tan pronto como sea detectada<\/strong>.<\/p><h3 data-start=\"1268\" data-end=\"1305\"><strong data-start=\"1272\" data-end=\"1303\">Rechazo de mercanc\u00eda da\u00f1ada<\/strong><\/h3><p data-start=\"1306\" data-end=\"1460\">Si el contenedor llega visiblemente da\u00f1ado o presenta desperfectos evidentes, el cliente debe <strong data-start=\"1400\" data-end=\"1423\">rechazar la entrega<\/strong> en el mismo momento de la recepci\u00f3n.<\/p><h3 data-start=\"1462\" data-end=\"1505\"><strong data-start=\"1466\" data-end=\"1503\">Reservas en el albar\u00e1n de entrega<\/strong><\/h3><p data-start=\"1506\" data-end=\"1879\">Si observa embalaje deteriorado, caja abierta, golpeada o cualquier anomal\u00eda, debe realizar <strong data-start=\"1598\" data-end=\"1630\">reservas claras y detalladas<\/strong> en el albar\u00e1n de entrega y solicitar la firma del transportista.<br data-start=\"1695\" data-end=\"1698\" \/>Todas las reservas deben incluir <strong data-start=\"1731\" data-end=\"1762\">fecha, descripci\u00f3n del da\u00f1o<\/strong> y\/o identificaci\u00f3n del producto afectado (ej.: \u201cembalaje da\u00f1ado\u201d, \u201ccontenedor golpeado\u201d, \u201cfalta de producto\u201d, etc.).<\/p><p data-start=\"1881\" data-end=\"2119\">Si se formulan reservas, el cliente debe enviar una <strong data-start=\"1933\" data-end=\"1994\">carta certificada al transportista dentro de las 72 horas<\/strong> posteriores a la entrega. Pasado este plazo, no ser\u00e1 posible aceptar reclamaciones por da\u00f1os relacionados con el transporte.<\/p><hr data-start=\"2121\" data-end=\"2124\" \/><h2 data-start=\"2126\" data-end=\"2172\"><strong data-start=\"2129\" data-end=\"2170\">2. Derecho de desistimiento (14 d\u00edas)<\/strong><\/h2><p data-start=\"2173\" data-end=\"2363\">De conformidad con la normativa vigente, el cliente dispone de <strong data-start=\"2236\" data-end=\"2257\">14 d\u00edas naturales<\/strong> desde la recepci\u00f3n de la mercanc\u00eda para comunicar su deseo de desistir y devolver uno o varios productos.<\/p><p data-start=\"2365\" data-end=\"2592\">Para ello, deber\u00e1 enviarnos una solicitud por correo electr\u00f3nico. Tras aceptar el desistimiento, el cliente dispondr\u00e1 de <strong data-start=\"2486\" data-end=\"2509\">14 d\u00edas adicionales<\/strong> para devolver el producto en su <strong data-start=\"2542\" data-end=\"2563\">embalaje original<\/strong>, sin signos de uso indebido.<\/p><p data-start=\"2594\" data-end=\"2785\">Los gastos de devoluci\u00f3n ser\u00e1n <strong data-start=\"2625\" data-end=\"2638\">gratuitos<\/strong>, y se reembolsar\u00e1n todas las cantidades pagadas, incluidos los gastos de env\u00edo iniciales, siempre que el producto se encuentre en perfecto estado.<\/p><hr data-start=\"2787\" data-end=\"2790\" \/><h2 data-start=\"2792\" data-end=\"2811\"><strong data-start=\"2795\" data-end=\"2811\">3. Garant\u00edas<\/strong><\/h2><p data-start=\"2813\" data-end=\"2997\">Todos nuestros contenedores est\u00e1n cubiertos por la <strong data-start=\"2864\" data-end=\"2899\">garant\u00eda oficial del fabricante<\/strong>.<br data-start=\"2900\" data-end=\"2903\" \/>Esta garant\u00eda se limita a la <strong data-start=\"2932\" data-end=\"2960\">reparaci\u00f3n o sustituci\u00f3n<\/strong> de la pieza o componente defectuoso.<\/p><p data-start=\"2999\" data-end=\"3041\">La garant\u00eda no cubre da\u00f1os provocados por:<\/p><ul data-start=\"3042\" data-end=\"3194\"><li data-start=\"3042\" data-end=\"3061\"><p data-start=\"3044\" data-end=\"3061\">uso inadecuado,<\/p><\/li><li data-start=\"3062\" data-end=\"3108\"><p data-start=\"3064\" data-end=\"3108\">condiciones de almacenamiento incorrectas,<\/p><\/li><li data-start=\"3109\" data-end=\"3136\"><p data-start=\"3111\" data-end=\"3136\">instalaci\u00f3n deficiente,<\/p><\/li><li data-start=\"3137\" data-end=\"3194\"><p data-start=\"3139\" data-end=\"3194\">falta de mantenimiento o modificaciones no autorizadas.<\/p><\/li><\/ul><p data-start=\"3196\" data-end=\"3291\">El cliente deber\u00e1 consultar y respetar las indicaciones del <strong data-start=\"3256\" data-end=\"3274\">manual t\u00e9cnico<\/strong> correspondiente.<\/p><p data-start=\"3293\" data-end=\"3387\">La sustituci\u00f3n de cualquier pieza no modifica la fecha de vencimiento de la garant\u00eda original.<\/p><hr data-start=\"3389\" data-end=\"3392\" \/><h2 data-start=\"3394\" data-end=\"3444\"><strong data-start=\"3397\" data-end=\"3444\">4. Contacto para devoluciones o incidencias<\/strong><\/h2><p data-start=\"3446\" data-end=\"3603\">Si necesita gestionar una devoluci\u00f3n, solicitar una sustituci\u00f3n o resolver cualquier duda relacionada con el proceso, puede ponerse en contacto con nosotros:<\/p><p>\ud83d\udcde Telefone: WhatsApp : (+33) 7 80 89 23 97 \/ (+351) 960 365 930 (WhatsApp \u2013 tamb\u00e9m dispon\u00edvel para acompanhamento em tempo real)<br \/>\ud83d\udce7 E-mail:\u00a0<a>contato@liscontentores.com<\/a>\u00a0\/\u00a0<a>liscontentores@gmail.com<\/a><\/p>\t\t\t\t\t\t\t\t<\/div>\n\t\t\t\t\t<\/div>\n\t\t\t\t<\/div>\n\t\t\t\t<\/div>\n\t\t","protected":false},"excerpt":{"rendered":"<p>En LISCONT \u2013 OPERADORES DE CONTENTORES, S.A., trabajamos para garantizar la total satisfacci\u00f3n de nuestros clientes. No obstante, si recibe un contenedor en mal estado, defectuoso o no conforme, ponemos a su disposici\u00f3n el siguiente procedimiento para gestionar la devoluci\u00f3n o sustituci\u00f3n del producto. 1. Proceso de devoluci\u00f3n Verificaci\u00f3n en el momento de la entrega [&hellip;]<\/p>\n","protected":false},"author":1,"featured_media":0,"parent":0,"menu_order":0,"comment_status":"closed","ping_status":"closed","template":"","meta":{"footnotes":""},"class_list":["post-546","page","type-page","status-publish","hentry"],"_links":{"self":[{"href":"https:\/\/liscontentores.com\/index.php\/wp-json\/wp\/v2\/pages\/546","targetHints":{"allow":["GET"]}}],"collection":[{"href":"https:\/\/liscontentores.com\/index.php\/wp-json\/wp\/v2\/pages"}],"about":[{"href":"https:\/\/liscontentores.com\/index.php\/wp-json\/wp\/v2\/types\/page"}],"author":[{"embeddable":true,"href":"https:\/\/liscontentores.com\/index.php\/wp-json\/wp\/v2\/users\/1"}],"replies":[{"embeddable":true,"href":"https:\/\/liscontentores.com\/index.php\/wp-json\/wp\/v2\/comments?post=546"}],"version-history":[{"count":5,"href":"https:\/\/liscontentores.com\/index.php\/wp-json\/wp\/v2\/pages\/546\/revisions"}],"predecessor-version":[{"id":14054,"href":"https:\/\/liscontentores.com\/index.php\/wp-json\/wp\/v2\/pages\/546\/revisions\/14054"}],"wp:attachment":[{"href":"https:\/\/liscontentores.com\/index.php\/wp-json\/wp\/v2\/media?parent=546"}],"curies":[{"name":"wp","href":"https:\/\/api.w.org\/{rel}","templated":true}]}}