{"id":13504,"date":"2025-09-02T23:02:54","date_gmt":"2025-09-02T23:02:54","guid":{"rendered":"https:\/\/liscontentores.com\/?post_type=product&#038;p=13504"},"modified":"2025-10-01T14:56:56","modified_gmt":"2025-10-01T14:56:56","slug":"conjunto-de-contentores-conectaveis-de-3m-x-42m-com-laterais-planos-revestimento-em-po","status":"publish","type":"product","link":"https:\/\/liscontentores.com\/index.php\/product\/conjunto-de-contentores-conectaveis-de-3m-x-42m-com-laterais-planos-revestimento-em-po\/","title":{"rendered":"Conjunto de contentores conect\u00e1veis \u200b\u200bde 3m x 4,2m com laterais planos (revestimento em p\u00f3)"},"content":{"rendered":"<p>ESPECIFICA\u00c7\u00d5ES DO PRODUTO<br \/>\nComprimento Externo (m)<br \/>\n2,95<\/p>\n<p>Largura Externa (m)<br \/>\n4,37<\/p>\n<p>Altura Exterior (m)<br \/>\n2,09<\/p>\n<p>Comprimento Interno (m)<br \/>\n2,80<\/p>\n<p>Largura Interna (m)<br \/>\n4,07<\/p>\n<p>Altura Interior (m)<br \/>\n1,95<\/p>\n<p>Largura da Porta (m)<br \/>\n1,25<\/p>\n<p>Altura da Porta (m)<br \/>\n1,88<\/p>\n<p>Peso (embalado desmontado) (kg)<br \/>\n704<\/p>\n<p>Peso (parte mais pesada) (desmontada) (kg)<br \/>\n120<\/p>\n<p>Tipo de Pavimento: Painel OSB de 15 mm<\/p>\n<p>Altura (plano) (mm)<br \/>\n600<\/p>\n<p>Comprimento (plano) (m)<br \/>\n2,95<\/p>\n<p>Largura (plano) (m)<br \/>\n2,14<\/p>\n","protected":false},"excerpt":{"rendered":"<p>Ref.: 000470<\/p>\n<p>DETALHES DO PRODUTO<br \/>\nOferta promocional: Receba um pacote de seguran\u00e7a gratuito com cada contentor flat-pack comprado online em maio. Para usufruir desta oferta, adicione o pacote de seguran\u00e7a gratuito ao seu carrinho de compras.<\/p>\n<p>Se precisar de um amplo espa\u00e7o aberto para armazenar produtos num espa\u00e7o de dif\u00edcil acesso, duas tendas de 3 m unidas lado a lado oferecem 11,3 m\u00b2 ou 121 p\u00e9s quadrados e s\u00e3o tamb\u00e9m uma solu\u00e7\u00e3o expans\u00edvel (adicione contentores e kits de liga\u00e7\u00e3o adicionais assim que adicionar o pacote unit\u00e1rio ao seu carrinho).<\/p>\n<p>A liga\u00e7\u00e3o lado a lado beneficia de todas as vantagens habituais da linha de armazenamento flat-pack, incluindo o facto de os componentes individuais poderem ser movidos manualmente e montados em posi\u00e7\u00f5es dif\u00edceis atr\u00e1s ou mesmo dentro de edif\u00edcios, conforme necess\u00e1rio.<\/p>\n<p>O Kit de Liga\u00e7\u00e3o possui uma pintura eletrost\u00e1tica verde para combinar com os contentores e, para uma longa vida \u00fatil, o acabamento em pintura eletrost\u00e1tica verde (RAL6005) torna-o ideal para um armazenamento discreto no terreno.<\/p>\n<p>Este pacote inclui:<\/p>\n<p>2 carregadores de plataforma plana com pintura eletrost\u00e1tica a p\u00f3 de 3 m (QF251)<br \/>\n1 Kit de Articula\u00e7\u00e3o Lado a Lado (QF591)<br \/>\nO Kit de Articula\u00e7\u00e3o Lado a Lado possui duas portas, e um conjunto adicional de portas est\u00e1 inclu\u00eddo com cada unidade de armazenamento adicional adicionada.<\/p>\n<p>As unidades interligadas podem ser unidas com portas na mesma extremidade ou em extremidades opostas, proporcionando uma grande flexibilidade em espa\u00e7os apertados.<\/p>\n<p>Note que os contentores de plataforma plana s\u00f3 podem ser unidos numa dire\u00e7\u00e3o, por exemplo, lado a lado ou de ponta a ponta.<\/p>\n<p>VANTAGENS DOS CONTENTORES DE ARMAZENAMENTO PLANOS DE 3 M X 4,2 M (REVESTIMENTO A P\u00d3)<br \/>\nF\u00e1cil de montar<br \/>\nMuitos utilizadores apreciam as linhas mais suaves e a sensa\u00e7\u00e3o de constru\u00e7\u00e3o em compara\u00e7\u00e3o com os contentores de transporte de tamanho semelhante.<br \/>\nAs unidades de armazenamento podem ser desmontadas e movidas a qualquer momento.<br \/>\nIdeal para armazenar artigos volumosos ou produtos diferentes quando precisa de espa\u00e7o para alcan\u00e7ar os artigos na parte de tr\u00e1s da unidade de armazenamento.<br \/>\nAs portas s\u00e3o simples e f\u00e1ceis de utilizar para qualquer pessoa, operadas com o rodar de uma chave.<\/p>\n","protected":false},"featured_media":13671,"template":"","meta":[],"product_cat":[89,88,92,84],"product_tag":[],"class_list":{"0":"post-13504","1":"product","2":"type-product","3":"status-publish","4":"has-post-thumbnail","6":"product_cat-armazenamento-removivel","7":"product_cat-contentores-de-8-e-10-pes-3-e-4-m","8":"product_cat-contentores-de-pacote-plano","9":"product_cat-maritimos-em-segunda-mao","11":"first","12":"instock","13":"taxable","14":"shipping-taxable","15":"purchasable","16":"product-type-simple"},"_links":{"self":[{"href":"https:\/\/liscontentores.com\/index.php\/wp-json\/wp\/v2\/product\/13504","targetHints":{"allow":["GET"]}}],"collection":[{"href":"https:\/\/liscontentores.com\/index.php\/wp-json\/wp\/v2\/product"}],"about":[{"href":"https:\/\/liscontentores.com\/index.php\/wp-json\/wp\/v2\/types\/product"}],"wp:featuredmedia":[{"embeddable":true,"href":"https:\/\/liscontentores.com\/index.php\/wp-json\/wp\/v2\/media\/13671"}],"wp:attachment":[{"href":"https:\/\/liscontentores.com\/index.php\/wp-json\/wp\/v2\/media?parent=13504"}],"wp:term":[{"taxonomy":"product_cat","embeddable":true,"href":"https:\/\/liscontentores.com\/index.php\/wp-json\/wp\/v2\/product_cat?post=13504"},{"taxonomy":"product_tag","embeddable":true,"href":"https:\/\/liscontentores.com\/index.php\/wp-json\/wp\/v2\/product_tag?post=13504"}],"curies":[{"name":"wp","href":"https:\/\/api.w.org\/{rel}","templated":true}]}}