{"id":13563,"date":"2025-09-02T23:03:23","date_gmt":"2025-09-02T23:03:23","guid":{"rendered":"https:\/\/liscontentores.com\/?post_type=product&#038;p=13563"},"modified":"2025-09-30T20:33:40","modified_gmt":"2025-09-30T20:33:40","slug":"quiosque-plano-xl-3-m","status":"publish","type":"product","link":"https:\/\/liscontentores.com\/index.php\/product\/quiosque-plano-xl-3-m\/","title":{"rendered":"Quiosque Plano Xl 3 M"},"content":{"rendered":"<p>ESPECIFICA\u00c7\u00d5ES DO PRODUTO<br \/>\nComprimento Externo (m)<br \/>\n2,87<\/p>\n<p>Largura Externa da Base (m)<br \/>\n2,21<\/p>\n<p>Largura Exterior do Telhado (m)<br \/>\n2,29<\/p>\n<p>Altura Exterior (m)<br \/>\n2,26<\/p>\n<p>Comprimento Interno (m)<br \/>\n2,79<\/p>\n<p>Largura Interna (m)<br \/>\n2,13<\/p>\n<p>Altura Interior (m)<br \/>\n2,10<\/p>\n<p>Largura da Porta (m)<br \/>\n1,25<\/p>\n<p>Altura da Porta (m)<br \/>\n1,80<\/p>\n<p>Largura da Escotilha (m)<br \/>\n1,98<\/p>\n<p>Altura da Escotilha (m)<br \/>\n1,03<\/p>\n<p>Peso M\u00e1ximo do Piso (kg)<br \/>\n1500, distribu\u00eddo uniformemente sobre o pavimento<\/p>\n<p>Peso (embalado) (kg)<br \/>\n421<\/p>\n<p>Peso da Parte Mais Pesada (desmontada) (kg)<br \/>\n153<\/p>\n<p>Tipo de Pavimento<br \/>\nOSB de 15&#8243; mm<\/p>\n<p>Piso Interno<br \/>\nOSB Placa<\/p>\n<p>Revestimento de parede interior<br \/>\nA\u00e7o galvanizado<\/p>\n","protected":false},"excerpt":{"rendered":"<p>Ref.: 000479<\/p>\n<p>DETALHES DO PRODUTO<br \/>\nContentor plano com escotilha lateral de 3 m, articulado na parte superior e com abertura lateral. Esta escotilha pode ser posicionada em qualquer um dos lados mais compridos, de acordo com as suas necessidades.<\/p>\n<p>Cada parte da unidade pode ser movimentada por quatro pessoas. Isto evita o dispendioso transporte de um guindaste especializado, caso necessite de deslocar a unidade ocasionalmente, seja entre eventos ou entre esta\u00e7\u00f5es do ano.<\/p>\n<p>\u00c9 pequeno o suficiente para ser carregado e transportado num pequeno reboque.<\/p>\n<p>A unidade \u00e9 ideal para utiliza\u00e7\u00e3o como unidade de servi\u00e7o em eventos, festivais ou qualquer neg\u00f3cio para necessidades de curto prazo. Tamb\u00e9m \u00e9 adequada para uma utiliza\u00e7\u00e3o a longo prazo, onde o interior e o exterior podem ser ajardinados e revestidos com azulejos.<\/p>\n<p>Com a atual necessidade de distanciamento social, \u00e9 uma excelente forma de o proteger e separar a si e \u00e0 sua equipa para uma vasta gama de utiliza\u00e7\u00f5es.<\/p>\n<p>As op\u00e7\u00f5es de estantes est\u00e3o dispon\u00edveis por um custo adicional.<\/p>\n<p>VANTAGENS DO QUIOSQUE 3M FLAT XL<br \/>\nCorpo totalmente galvanizado<br \/>\nUnidade port\u00e1til<br \/>\nF\u00e1cil de desmontar e transportar<br \/>\nIdeal para utiliza\u00e7\u00e3o em \u00e1reas restritas por pontes baixas ou fr\u00e1geis<br \/>\nIdeal para utiliza\u00e7\u00e3o em terrenos acidentados, como lama (como se v\u00ea em muitos festivais)<br \/>\nEste quiosque est\u00e1 dispon\u00edvel para venda e entrega em todo o Reino Unido.<\/p>\n<p>Um suporte maior de 4 m tamb\u00e9m est\u00e1 dispon\u00edvel.<\/p>\n","protected":false},"featured_media":13721,"template":"","meta":[],"product_cat":[89,88,92,84],"product_tag":[],"class_list":{"0":"post-13563","1":"product","2":"type-product","3":"status-publish","4":"has-post-thumbnail","6":"product_cat-armazenamento-removivel","7":"product_cat-contentores-de-8-e-10-pes-3-e-4-m","8":"product_cat-contentores-de-pacote-plano","9":"product_cat-maritimos-em-segunda-mao","11":"first","12":"instock","13":"taxable","14":"shipping-taxable","15":"purchasable","16":"product-type-simple"},"_links":{"self":[{"href":"https:\/\/liscontentores.com\/index.php\/wp-json\/wp\/v2\/product\/13563","targetHints":{"allow":["GET"]}}],"collection":[{"href":"https:\/\/liscontentores.com\/index.php\/wp-json\/wp\/v2\/product"}],"about":[{"href":"https:\/\/liscontentores.com\/index.php\/wp-json\/wp\/v2\/types\/product"}],"wp:featuredmedia":[{"embeddable":true,"href":"https:\/\/liscontentores.com\/index.php\/wp-json\/wp\/v2\/media\/13721"}],"wp:attachment":[{"href":"https:\/\/liscontentores.com\/index.php\/wp-json\/wp\/v2\/media?parent=13563"}],"wp:term":[{"taxonomy":"product_cat","embeddable":true,"href":"https:\/\/liscontentores.com\/index.php\/wp-json\/wp\/v2\/product_cat?post=13563"},{"taxonomy":"product_tag","embeddable":true,"href":"https:\/\/liscontentores.com\/index.php\/wp-json\/wp\/v2\/product_tag?post=13563"}],"curies":[{"name":"wp","href":"https:\/\/api.w.org\/{rel}","templated":true}]}}