{"id":13622,"date":"2025-09-02T23:03:47","date_gmt":"2025-09-02T23:03:47","guid":{"rendered":"https:\/\/liscontentores.com\/?post_type=product&#038;p=13622"},"modified":"2025-09-30T20:17:10","modified_gmt":"2025-09-30T20:17:10","slug":"cabine-dupla","status":"publish","type":"product","link":"https:\/\/liscontentores.com\/index.php\/product\/cabine-dupla\/","title":{"rendered":"Cabine Dupla"},"content":{"rendered":"<p>ESPECIFICA\u00c7\u00d5ES DO PRODUTO<br \/>\nComprimento Externo (m)<br \/>\n6,7<\/p>\n<p>Largura Externa (m)<br \/>\n2,74<\/p>\n<p>Altura Exterior (m)<br \/>\n2,49<\/p>\n<p>Tipo de Pavimento: Aglomerado de 18 mm<\/p>\n<p>N\u00ba de Janelas: 2<\/p>\n<p>N\u00famero de Tomadas Duplas de 13 A: 4<\/p>\n<p>N\u00famero de Fitas ou Luzes LED: 3<\/p>\n<p>Pavimento Interior: Vin\u00edlico<\/p>\n","protected":false},"excerpt":{"rendered":"<p>Ref.: 000501<\/p>\n<p>DETALHES DO PRODUTO<br \/>\nEsta cabine modular m\u00f3vel de 6,7 m x 2,7 m tem dois quartos separados e uma sala de estar central que inclui uma kitchenette e uma casa de banho com chuveiro. Foi concebida para proporcionar acomoda\u00e7\u00f5es confort\u00e1veis \u200b\u200bpara dormir quando e onde precisar.<\/p>\n<p>Os quartos acomodam duas pessoas em camas individuais (uma em cada quarto) ou quatro pessoas, se forem especificados beliches. A \u00e1rea de prepara\u00e7\u00e3o de alimentos inclui bancada, micro-ondas, fog\u00e3o, exaustor, chaleira, arm\u00e1rio e lava-loi\u00e7a.<\/p>\n<p>As unidades podem ser empilhadas em pares se o espa\u00e7o for limitado.<\/p>\n<p>A unidade de dormir est\u00e1 equipada com equipamentos de poupan\u00e7a de energia, incluindo a tecnologia de dete\u00e7\u00e3o de carga Ecosmart para gerir as exig\u00eancias de energia e luzes LED para reduzir o consumo de energia. As liga\u00e7\u00f5es de alimenta\u00e7\u00e3o incluem uma sa\u00edda de drenagem padr\u00e3o de 110 mm, entrada de \u00e1gua da cidade atrav\u00e9s de uma mangueira de 15 mm e uma liga\u00e7\u00e3o el\u00e9trica de 32 amperes.<\/p>\n<p>VANTAGENS DA CABINE DUPLA<br \/>\nParedes de a\u00e7o totalmente isoladas<br \/>\nPavimento vin\u00edlico isolante e resistente ao desgaste<br \/>\nTomadas USB e luzes de leitura nos quartos<br \/>\nSuportes de macaco ajust\u00e1veis \u200b\u200bintegrados nos cantos<br \/>\nJanelas em PVC com persianas de seguran\u00e7a e uma porta de seguran\u00e7a resistente e com fechadura<br \/>\nExtintores de inc\u00eandio padr\u00e3o, detetores de fumo e mon\u00f3xido de carbono<br \/>\nParedes e superf\u00edcies f\u00e1ceis de limpar<br \/>\nEsta cabine dupla est\u00e1 dispon\u00edvel para venda e entrega em toda a ESPANHA.<\/p>\n","protected":false},"featured_media":13752,"template":"","meta":[],"product_cat":[91,94,93,95],"product_tag":[],"class_list":{"0":"post-13622","1":"product","2":"type-product","3":"status-publish","4":"has-post-thumbnail","6":"product_cat-barra-de-contentores","7":"product_cat-cabanas-jackleg","8":"product_cat-cabines-e-casas-de-banho","9":"product_cat-casas-de-banho-e-chuveiros","11":"first","12":"instock","13":"taxable","14":"shipping-taxable","15":"purchasable","16":"product-type-simple"},"_links":{"self":[{"href":"https:\/\/liscontentores.com\/index.php\/wp-json\/wp\/v2\/product\/13622","targetHints":{"allow":["GET"]}}],"collection":[{"href":"https:\/\/liscontentores.com\/index.php\/wp-json\/wp\/v2\/product"}],"about":[{"href":"https:\/\/liscontentores.com\/index.php\/wp-json\/wp\/v2\/types\/product"}],"wp:featuredmedia":[{"embeddable":true,"href":"https:\/\/liscontentores.com\/index.php\/wp-json\/wp\/v2\/media\/13752"}],"wp:attachment":[{"href":"https:\/\/liscontentores.com\/index.php\/wp-json\/wp\/v2\/media?parent=13622"}],"wp:term":[{"taxonomy":"product_cat","embeddable":true,"href":"https:\/\/liscontentores.com\/index.php\/wp-json\/wp\/v2\/product_cat?post=13622"},{"taxonomy":"product_tag","embeddable":true,"href":"https:\/\/liscontentores.com\/index.php\/wp-json\/wp\/v2\/product_tag?post=13622"}],"curies":[{"name":"wp","href":"https:\/\/api.w.org\/{rel}","templated":true}]}}