{"id":13681,"date":"2025-09-02T23:04:10","date_gmt":"2025-09-02T23:04:10","guid":{"rendered":"https:\/\/liscontentores.com\/?post_type=product&#038;p=13681"},"modified":"2025-10-30T18:46:19","modified_gmt":"2025-10-30T18:46:19","slug":"contentor-de-20-pes-branco-aberto-acesso-lateral-total","status":"publish","type":"product","link":"https:\/\/liscontentores.com\/index.php\/product\/contentor-de-20-pes-branco-aberto-acesso-lateral-total\/","title":{"rendered":"Contentor de 20 p\u00e9s branco aberto\/acesso lateral total"},"content":{"rendered":"<p>ESPECIFICA\u00c7\u00d5ES DO PRODUTO<br \/>\nComprimento exterior (m)<br \/>\n6,06<\/p>\n<p>Largura exterior (m)<br \/>\n2,44<\/p>\n<p>Altura exterior (m)<br \/>\n2,59<\/p>\n<p>Comprimento interior (m)<br \/>\n5,95<\/p>\n<p>Largura interior (m)<br \/>\n2,29<\/p>\n<p>Altura interior (m)<br \/>\n2,39<\/p>\n<p>Largura da porta (m)<br \/>\n2,34<\/p>\n<p>Largura da porta lateral (m)<br \/>\n5,82<\/p>\n","protected":false},"excerpt":{"rendered":"<p>Ref.: 004265<\/p>\n<p>DETALHES DO PRODUTO<br \/>\nOs nossos contentores mar\u00edtimos abertos de 6 metros possuem um par de portas duplas articuladas num dos lados, proporcionando um acesso lateral total, al\u00e9m de um par de portas duplas articuladas na extremidade.<\/p>\n<p>Fabricados na China de acordo com as especifica\u00e7\u00f5es ISO, estes contentores s\u00e3o praticamente novos \u2014 fizeram apenas uma viagem da China para Espanha.<\/p>\n<p>Estes contentores com acesso lateral total (FSA) est\u00e3o dispon\u00edveis para venda online ou contactando a nossa atenciosa equipa de vendas de contentores.<\/p>\n<p>CARACTER\u00cdSTICAS DO NOVO CONTENTOR MAR\u00cdTIMO DE 20 P\u00c9S COM LATERAL ABERTO<br \/>\nNOVO \u2013 Viagem \u00danica<br \/>\nCSC (Peso Bruto) Prateado m\u00e1x.: 24 toneladas<br \/>\nConstru\u00e7\u00e3o toda em a\u00e7o Corten<br \/>\nUm par de portas duplas na extremidade e um par de portas com dobradi\u00e7as duplas num dos lados<br \/>\nDuas barras de bloqueio em cada porta, 2 compartimentos para empilhadores em cada lado<br \/>\nPiso de contraplacado mar\u00edtimo de 28 mm sobre travessas de a\u00e7o<br \/>\n8 aberturas de ventila\u00e7\u00e3o<br \/>\nProcura algo mais barato? Experimente os nossos contentores usados \u200b\u200bde 20 p\u00e9s com acesso lateral completo<\/p>\n","protected":false},"featured_media":14044,"template":"","meta":[],"product_cat":[90,84],"product_tag":[],"class_list":{"0":"post-13681","1":"product","2":"type-product","3":"status-publish","4":"has-post-thumbnail","6":"product_cat-contentores-de-20-pes-6m","7":"product_cat-maritimos-em-segunda-mao","9":"first","10":"instock","11":"taxable","12":"shipping-taxable","13":"purchasable","14":"product-type-simple"},"_links":{"self":[{"href":"https:\/\/liscontentores.com\/index.php\/wp-json\/wp\/v2\/product\/13681","targetHints":{"allow":["GET"]}}],"collection":[{"href":"https:\/\/liscontentores.com\/index.php\/wp-json\/wp\/v2\/product"}],"about":[{"href":"https:\/\/liscontentores.com\/index.php\/wp-json\/wp\/v2\/types\/product"}],"wp:featuredmedia":[{"embeddable":true,"href":"https:\/\/liscontentores.com\/index.php\/wp-json\/wp\/v2\/media\/14044"}],"wp:attachment":[{"href":"https:\/\/liscontentores.com\/index.php\/wp-json\/wp\/v2\/media?parent=13681"}],"wp:term":[{"taxonomy":"product_cat","embeddable":true,"href":"https:\/\/liscontentores.com\/index.php\/wp-json\/wp\/v2\/product_cat?post=13681"},{"taxonomy":"product_tag","embeddable":true,"href":"https:\/\/liscontentores.com\/index.php\/wp-json\/wp\/v2\/product_tag?post=13681"}],"curies":[{"name":"wp","href":"https:\/\/api.w.org\/{rel}","templated":true}]}}